of a?
3
Let x = 1 - 1. Suppose 10 = r - x. What is the units digit of r?
0
Let o(h) = -6*h - 1. Let a be o(1). Let v = 16 + a. What is the units digit of v + (-2 - (-2)/1)?
9
Let n = 4 + -1. Let f be 4 - (3 + (-4 - -1)). Suppose f*o - 38 = n*p - p, 5*o - 3*p = 49. What is the units digit of o?
8
Let t = 2 - 1. What is the units digit of t?
1
Let k(g) = 2*g**3 - 57*g**2 + 39*g - 24. What is the tens digit of k(28)?
8
Suppose -397 = -7*v + 205. What is the units digit of v?
6
Let k be (-4)/(-2)*(-9)/6. Let f be (2 + 5 + -2)*k. What is the units digit of 3*(2 - f/(-9))?
1
Let d(t) = 44*t + 15. What is the hundreds digit of d(5)?
2
Suppose -3*l = -4*l + 3*v + 6, l = 2*v + 3. Let a be (20/(-6) - -2)*l. Suppose -a*h + 30 = -14. What is the tens digit of h?
1
Let k(c) = c**2 + 10*c - 12. Let j be k(-10). Let t = 1 - j. What is the units digit of t?
3
Let p be 17/3 - (-6)/(-9). Suppose 10 + p = -j. What is the units digit of (-136)/(-10) - 6/j?
4
Let h(o) = 4*o**2 - 3*o + 4. What is the tens digit of h(-5)?
1
Let k(s) = 125*s**2 + 5*s - 4. What is the units digit of k(1)?
6
Let x(b) = -b**3 - 4*b**2 - b + 8. What is the units digit of x(-5)?
8
Let m(d) = d**2 + d + 14. Let f(c) = -c**2 - c - 1. Let u(s) = -3*f(s) - m(s). What is the units digit of u(-5)?
9
Let f(n) = -n**2 - 5*n - 3. Let u be f(-2). Let w(h) = 2*h**2 + 7*h - 3. Let q(j) = j**2 + 7*j - 3. Let c(s) = u*q(s) - 2*w(s). What is the units digit of c(5)?
7
Let r = -2 - 0. What is the units digit of 24/r*14/(-21)?
8
Suppose -34 + 4 = 2*t. Let h = t + 25. What is the tens digit of h?
1
Suppose 334 = 3*p + 2*i, -5*i + 14 = 4. What is the tens digit of p?
1
Let d = 14 - 12. Suppose 3 = -p + 8. Suppose -3*f - p*a + 33 = -0*a, f = -d*a + 12. What is the units digit of f?
6
Let a be (11 - 1)*(-20)/(-25). Let q = -13 + a. Let d = -4 - q. What is the units digit of d?
1
Let w = -206 - -325. Suppose 0 = -2*n - 4*z + 66, 4*n - n + 2*z = w. What is the units digit of n?
3
Let g = 5 - 2. Suppose 3 = 2*m + j - 0, -m + g*j = -12. Suppose -m*y + 2*z - 20 + 67 = 0, 2*z = -2. What is the tens digit of y?
1
Let p = 9 + -1. Let u be (p/(-2))/((-12)/6). What is the units digit of ((-1)/(-2))/(1/u)?
1
Let h be (0 + 3)/(7/7). Suppose h*b = -2*b + 20. Suppose -2*r = -b*p + 22, 3*p = -r + 5*r + 24. What is the units digit of p?
4
Suppose 5*f = 2*f - 5*p + 738, -4*f = -3*p - 1013. What is the units digit of f?
1
Let b be 6/(-2) + 2 + 4. Suppose x + 14 = -b*l, 2*x - 2*l = -3*x - 2. What is the units digit of 2/(-6)*(-41 - x)?
3
What is the units digit of ((-27)/15)/(5/(-225))?
1
Let x = -2 - -7. What is the units digit of x?
5
Let z(p) = 4*p**3 - 2*p**2 + p. Let h be z(-2). Let v = h + 62. What is the tens digit of v?
2
Suppose 4 = -p - 2*v, -6 = 4*p - 5*v - 42. Suppose 6 = o + 4*f, 4*f = -p*o + 94 - 10. What is the tens digit of o?
2
Let a = -1 - -5. Let o(w) = 1 + 4 - 6*w + 3*w - a. What is the units digit of o(-1)?
4
Suppose b - 3*h = 275, 0 = b + 5*h + 147 - 438. What is the hundreds digit of b?
2
Suppose 0 = 4*p - 2*p - 3*j - 49, 0 = 3*p - 5*j - 74. What is the tens digit of p?
2
Let k(w) = 5*w - 2*w - 2*w. Let y be k(2). Suppose -y*j - j = -12. What is the units digit of j?
4
Suppose -3*r + 109 = 5*p - 985, -1456 = -4*r - 4*p. What is the tens digit of r?
6
Suppose -5*x + 3*u + 1520 = 0, 3*x - 831 = -3*u + 81. What is the tens digit of x?
0
Let a = -3 - -27. Suppose 0 = 3*f - 9 - 36. Let x = a - f. What is the units digit of x?
9
Let x(l) = -l**3 - 5*l**2 - 4*l + 3. Let a be x(-4). Suppose -2*b = -59 + a. What is the tens digit of b?
2
Suppose -2*a + 7 = 5*r - 121, 3*a + 3 = 0. What is the units digit of r?
6
Let r(t) = -t - 6. Let n be r(-5). Let a be (2/(-3))/(n/18). What is the tens digit of (1 + -3 + a)/1?
1
Let s(t) = t**3 - 8*t**2 - 8*t + 5. Let z be s(9). Suppose 3*o - z = 4. What is the units digit of o?
6
Let w(j) = j**3 - 11*j**2 + 10*j + 3. Suppose 0 = -4*i + 33 + 27. Suppose -3*k - o = -20 - 5, 0 = 4*k + 5*o - i. What is the units digit of w(k)?
3
Let h(i) = -5*i**3 + 3*i + 2. What is the units digit of h(-2)?
6
Let s(b) = b**3 + 11*b**2 - 3*b - 10. Let f be 12/(-78) - (-141)/(-13). What is the units digit of s(f)?
3
Let h = 59 + -7. What is the units digit of h?
2
Suppose 1 = m + t - 5, -21 = -m - 4*t. Suppose p = m + 6. What is the units digit of p?
7
Suppose 3*d + 9 = -0. Let v = 4 + d. What is the units digit of v?
1
Let s(o) = -4*o - 3. Let y be s(-2). Suppose y*w - 4 = w. Let f = 3 - w. What is the units digit of f?
2
Let n(q) = -2*q**2 + 2*q**2 + q**2 + 13*q. Let i(w) = w**2 + 12*w - 1. Let m(r) = -4*i(r) + 3*n(r). What is the units digit of m(-9)?
4
Suppose 2*o + 22 = -0*o. Let v be (2/3)/((-3)/9). Let l = v - o. What is the units digit of l?
9
Let f be (-4)/6*(-15)/(-10). Let m = 48 + f. What is the tens digit of m?
4
Let f = -141 - -256. What is the tens digit of f?
1
Suppose -j - 5 = 3. Let s = -2 - j. Suppose -4*w - s = -66. What is the tens digit of w?
1
Let x = -117 + 394. What is the tens digit of x?
7
What is the units digit of 180/8*10/3?
5
Let m(p) = -p**3 + 30. Let c be m(0). Let d = -20 + c. What is the tens digit of d?
1
Suppose -159 = -3*l + 15. What is the units digit of l?
8
Let b be 20 - (1 + -2)/(-1). Suppose -4*c = 2*p - 28, b = -5*p - 5*c + 64. What is the units digit of p?
4
Let f be (-45)/(-3) + 0 + 1. Let l = 84 + -60. Let u = l - f. What is the units digit of u?
8
Let o(g) = -g**2 - 6*g + 5. What is the units digit of o(-4)?
3
Suppose 2*j + 6 = 0, 3*z + j - 3 = -j. Let r = z + 1. What is the units digit of r?
4
Let q = 169 + -84. What is the units digit of q?
5
Let k(m) = -m**2 - 2*m + 3. Let c be k(-6). Let y = -12 - c. What is the units digit of y?
9
Let m = 2 + -4. Let s be (0 + 0)*(-2)/m. Suppose 3*a - 1 - 44 = s. What is the tens digit of a?
1
Let t = 7 - -8. Suppose -40 = -7*y + 2*y. Let u = t - y. What is the units digit of u?
7
Suppose 0 = 3*i - 0 + 33. Let p = i + 19. What is the units digit of p?
8
What is the units digit of 1*(-332)/(-8) + 2/4?
2
Suppose 101 = 2*v + 5*p, -v + 55 = p - 3*p. What is the tens digit of v?
5
What is the units digit of 1/(-3) + (-544)/(-48)?
1
Let q(z) = 7 + 10*z - 5*z**3 + 9*z**2 + 0*z**2 + 4*z**3. Suppose -3*n + 2*l = -34, -2*l = -2*n - 7*l + 10. What is the units digit of q(n)?
7
Let j be 35/(-20)*(-8)/1. Suppose 0*a = 2*a - j. Let o = a - 4. What is the units digit of o?
3
Let c(l) = 6*l**3 - l**2 - l + 1. Let u be c(1). Suppose 5*i = -u*z - 10 + 95, -z - 1 = -5*i. What is the units digit of z?
4
Let f be (-7 + (-2 - -2))*1. Let h(x) = -2*x + 3. Let g be h(f). Let p = g + -11. What is the units digit of p?
6
Suppose -4*n + 8 = -2*n. Suppose n*u + 0*u - 20 = 0. Suppose u*s + 1 = 31. What is the units digit of s?
6
Suppose 4*u = 2*u + 6. Suppose u*y - y - t = 75, 186 = 5*y - 2*t. What is the tens digit of y?
3
Let r(l) = -l**3 - l**2 - l + 1. Let f(s) = -5*s**3 - 12*s**2 - 6*s + 21. Let q(u) = -f(u) + 4*r(u). What is the units digit of q(-7)?
8
Let o(m) = -7*m - 2. What is the tens digit of o(-2)?
1
Let b be (5 + -1 - 2) + 2. Suppose d = -w + 14, -b*d = -4*w - 41 - 15. What is the units digit of 4/(-2)*d/(-4)?
7
What is the units digit of 22/33 + 1076/(-18)*-3?
0
Let t = -52 - -60. Let b be (3*-1 + 1)*-1. Suppose 0 = b*x + 10, -2*j + 15 + t = -3*x. What is the units digit of j?
4
What is the units digit of (4/(4/3))/1?
3
Suppose 49 - 11 = 2*t. What is the units digit of t?
9
Let z = 4 + -6. Let b(y) = y**3 - y**2 - y - 1. Let x(v) = -4*v**3 + 3*v**2 + 3*v + 3. Let u(f) = 3*b(f) + x(f). What is the units digit of u(z)?
8
What is the units digit of (20/(-6))/((-44)/858)?
5
Let j(s) = s**2 + 7*s + 6. Let u(x) = x - 7. Let o be u(0). What is the units digit of j(o)?
6
Let s be 2/(34/30 + -1). Suppose -5*f - 5*h = -30, 0*f + f = -5*h + 22. What is the units digit of (3 + s/(-6))*f?
1
Suppose -17*s = -206 - 83. What is the units digit of s?
7
Suppose 2*r - r = 3*t + 143, -3*t - 405 = -3*r. What is the tens digit of r?
3
Suppose 2*u + 194 = 4*n, 2*n - u - 2*u - 103 = 0. What is the units digit of n?
7
Suppose 7*b - 3*b + 4*o = -164, -2*b + 2*o - 66 = 0. Let h = b + 80. What is the units digit of h?
3
Let b = -25 + 42. What is the tens digit of b?
1
Suppose 5*k + 21 + 10 = 3*c, -k - 23 = -3*c. What is the tens digit of -4*18/(-28)*